factors of 2793?
3, 7, 19
What are the prime factors of 389?
389
List the prime factors of 1784.
2, 223
What are the prime factors of 10428?
2, 3, 11, 79
What are the prime factors of 5585?
5, 1117
List the prime factors of 4274.
2, 2137
What are the prime factors of 790?
2, 5, 79
List the prime factors of 6672.
2, 3, 139
What are the prime factors of 3866?
2, 1933
List the prime factors of 18344.
2, 2293
List the prime factors of 3007.
31, 97
What are the prime factors of 1660?
2, 5, 83
What are the prime factors of 19018?
2, 37, 257
What are the prime factors of 622?
2, 311
List the prime factors of 37666.
2, 37, 509
What are the prime factors of 4669?
7, 23, 29
What are the prime factors of 1282?
2, 641
List the prime factors of 4952.
2, 619
List the prime factors of 1510.
2, 5, 151
List the prime factors of 5811.
3, 13, 149
List the prime factors of 11716.
2, 29, 101
What are the prime factors of 8201?
59, 139
List the prime factors of 726.
2, 3, 11
List the prime factors of 805.
5, 7, 23
List the prime factors of 128.
2
What are the prime factors of 552?
2, 3, 23
List the prime factors of 3032.
2, 379
List the prime factors of 6010.
2, 5, 601
List the prime factors of 10762.
2, 5381
List the prime factors of 25177.
17, 1481
What are the prime factors of 71258?
2, 11, 41, 79
List the prime factors of 12393.
3, 17
List the prime factors of 200.
2, 5
List the prime factors of 899.
29, 31
What are the prime factors of 8338?
2, 11, 379
What are the prime factors of 47742?
2, 3, 73, 109
What are the prime factors of 2533?
17, 149
What are the prime factors of 837?
3, 31
What are the prime factors of 83001?
3, 73, 379
What are the prime factors of 13844?
2, 3461
List the prime factors of 1920.
2, 3, 5
What are the prime factors of 4386?
2, 3, 17, 43
What are the prime factors of 18580?
2, 5, 929
List the prime factors of 197.
197
List the prime factors of 14774.
2, 83, 89
List the prime factors of 409.
409
List the prime factors of 41229.
3, 509
What are the prime factors of 366?
2, 3, 61
List the prime factors of 10615.
5, 11, 193
List the prime factors of 153.
3, 17
What are the prime factors of 414?
2, 3, 23
List the prime factors of 266.
2, 7, 19
What are the prime factors of 22874?
2, 11437
What are the prime factors of 1970?
2, 5, 197
What are the prime factors of 8575?
5, 7
List the prime factors of 366.
2, 3, 61
What are the prime factors of 6422?
2, 13, 19
List the prime factors of 105.
3, 5, 7
What are the prime factors of 4611?
3, 29, 53
List the prime factors of 6970.
2, 5, 17, 41
List the prime factors of 15744.
2, 3, 41
What are the prime factors of 53908?
2, 13477
What are the prime factors of 1052?
2, 263
What are the prime factors of 8602?
2, 11, 17, 23
What are the prime factors of 2099?
2099
What are the prime factors of 5172?
2, 3, 431
What are the prime factors of 1019?
1019
What are the prime factors of 4712?
2, 19, 31
What are the prime factors of 34566?
2, 3, 7, 823
What are the prime factors of 984?
2, 3, 41
What are the prime factors of 13537?
13537
List the prime factors of 20169.
3, 83
What are the prime factors of 72961?
7, 1489
List the prime factors of 4692.
2, 3, 17, 23
What are the prime factors of 5209?
5209
List the prime factors of 97.
97
List the prime factors of 4046.
2, 7, 17
What are the prime factors of 1276?
2, 11, 29
What are the prime factors of 1160?
2, 5, 29
List the prime factors of 1069.
1069
List the prime factors of 1248.
2, 3, 13
List the prime factors of 3535.
5, 7, 101
List the prime factors of 55340.
2, 5, 2767
What are the prime factors of 1072?
2, 67
What are the prime factors of 939?
3, 313
List the prime factors of 1506.
2, 3, 251
What are the prime factors of 509?
509
List the prime factors of 9026.
2, 4513
What are the prime factors of 241?
241
List the prime factors of 2140.
2, 5, 107
List the prime factors of 1050.
2, 3, 5, 7
What are the prime factors of 263?
263
What are the prime factors of 17037?
3, 631
What are the prime factors of 316?
2, 79
What are the prime factors of 4?
2
List the prime factors of 2950.
2, 5, 59
What are the prime factors of 795?
3, 5, 53
What are the prime factors of 4472?
2, 13, 43
List the prime factors of 724.
2, 181
List the prime factors of 14081.
14081
List the prime factors of 22538.
2, 59, 191
List the prime factors of 21409.
79, 271
List the prime factors of 609.
3, 7, 29
What are the prime factors of 12428?
2, 13, 239
List the prime factors of 21178.
2, 10589
List the prime factors of 327.
3, 109
List the prime factors of 2399.
2399
List the prime factors of 19532.
2, 19, 257
List the prime factors of 14374.
2, 7187
What are the prime factors of 2869?
19, 151
List the prime factors of 19190.
2, 5, 19, 101
What are the prime factors of 3305?
5, 661
What are the prime factors of 2639?
7, 13, 29
What are the prime factors of 2973?
3, 991
List the prime factors of 2476.
2, 619
What are the prime factors of 3215?
5, 643
What are the prime factors of 1593?
3, 59
List the prime factors of 415.
5, 83
What are the prime factors of 1267?
7, 181
List the prime factors of 6731.
53, 127
List the prime factors of 15384.
2, 3, 641
List the prime factors of 9495.
3, 5, 211
List the prime factors of 20336.
2, 31, 41
What are the prime factors of 6465?
3, 5, 431
List the prime factors of 840.
2, 3, 5, 7
List the prime factors of 2122.
2, 1061
List the prime factors of 4302.
2, 3, 239
List the prime factors of 2140.
2, 5, 107
List the prime factors of 1512.
2, 3, 7
What are the prime factors of 120?
2, 3, 5
What are the prime factors of 51233?
7, 13, 563
List the prime factors of 215.
5, 43
What are the prime factors of 2418?
2, 3, 13, 31
What are the prime factors of 314?
2, 157
What are the prime factors of 6722?
2, 3361
List the prime factors of 2277.
3, 11, 23
List the prime factors of 85318.
2, 29, 1471
List the prime factors of 79801.
79801
What are the prime factors of 209?
11, 19
List the prime factors of 8277.
3, 31, 89
List the prime factors of 49852.
2, 11, 103
List the prime factors of 191.
191
List the prime factors of 15381.
3, 1709
What are the prime factors of 1383?
3, 461
What are the prime factors of 35845?
5, 67, 107
List the prime factors of 10022.
2, 5011
What are the prime factors of 120?
2, 3, 5
List the prime factors of 2408.
2, 7, 43
What are the prime factors of 45107?
43, 1049
List the prime factors of 30488.
2, 37, 103
What are the prime factors of 55739?
139, 401
List the prime factors of 5739.
3, 1913
What are the prime factors of 12270?
2, 3, 5, 409
List the prime factors of 208.
2, 13
List the prime factors of 264.
2, 3, 11
What are the prime factors of 22034?
2, 23, 479
List the prime factors of 13336.
2, 1667
List the prime factors of 5826.
2, 3, 971
List the prime factors of 21254.
2, 10627
List the prime factors of 2554.
2, 1277
List the prime factors of 2607.
3, 11, 79
What are the prime factors of 81?
3
What are the prime factors of 22478?
2, 11239
List the prime factors of 45773.
7, 13, 503
What are the prime factors of 6087?
3, 2029
What are the prime factors of 2360?
2, 5, 59
List the prime factors of 6416.
2, 401
What are the prime factors of 257?
257
List the prime factors of 1139.
17, 67
List the prime factors of 39197.
19, 2063
What are the prime factors of 2998?
2, 1499
What are the prime factors of 3820?
2, 5, 191
List the prime factors of 33513.
3, 11171
What are the prime factors of 11933?
11933
What are the prime factors of 58132?
2, 14533
What are the prime factors of 949?
13, 73
List the prime factors of 3580.
2, 5, 179
What are the prime factors of 17710?
2, 5, 7, 11, 23
List the prime factors of 46663.
46663
What are the prime factors of 839?
839
List the prime factors of 5180.
2, 5, 7, 37
List the prime factors of 60694.
2, 30347
List the prime factors of 1252.
2, 313
List the prime factors of 35325.
3, 5, 157
List the prime factors of 4087.
61, 67
List the prime factors of 2416.
2, 151
What are the prime factors of 8192?
2
What are the prime factors of 22242?
2, 3, 11, 337
List the prime factors of 17.
17
What are the prime factors of 111362?
2, 55681
What are the prime factors of 1587?
3, 23
What are the prime factors of 21823?
139, 157
List the prime factors of 286.
2, 11, 13
What are the prime factors o